{"id":1169,"date":"2024-04-11T15:11:20","date_gmt":"2024-04-11T21:11:20","guid":{"rendered":"https:\/\/enviosmarguz.com\/?page_id=1169"},"modified":"2024-04-11T17:25:11","modified_gmt":"2024-04-11T23:25:11","slug":"politicas-de-privacidad","status":"publish","type":"page","link":"https:\/\/enviosmarguz.com\/index.php\/politicas-de-privacidad\/","title":{"rendered":"AVISO DE PRIVACIDAD"},"content":{"rendered":"\n<div class=\"wp-block-cover alignfull\" style=\"min-height:171px;aspect-ratio:unset;\"><span aria-hidden=\"true\" class=\"wp-block-cover__background has-ast-global-color-2-background-color has-background-dim-100 has-background-dim\"><\/span><div class=\"wp-block-cover__inner-container is-layout-constrained wp-block-cover-is-layout-constrained\">\n<div class=\"wp-block-columns is-not-stacked-on-mobile is-layout-flex wp-container-core-columns-is-layout-28f84493 wp-block-columns-is-layout-flex\">\n<div class=\"wp-block-column is-layout-constrained wp-block-column-is-layout-constrained\">\n<figure class=\"wp-block-image alignleft size-large is-resized\"><img loading=\"lazy\" decoding=\"async\" width=\"1024\" height=\"894\" src=\"https:\/\/enviosmarguz.com\/wp-content\/uploads\/2023\/11\/logofondooscuro-1024x894.webp\" alt=\"\" class=\"wp-image-931\" style=\"width:86px;height:auto\" srcset=\"https:\/\/enviosmarguz.com\/wp-content\/uploads\/2023\/11\/logofondooscuro-1024x894.webp 1024w, https:\/\/enviosmarguz.com\/wp-content\/uploads\/2023\/11\/logofondooscuro-300x262.webp 300w, https:\/\/enviosmarguz.com\/wp-content\/uploads\/2023\/11\/logofondooscuro-768x670.webp 768w, https:\/\/enviosmarguz.com\/wp-content\/uploads\/2023\/11\/logofondooscuro-1536x1341.webp 1536w, https:\/\/enviosmarguz.com\/wp-content\/uploads\/2023\/11\/logofondooscuro-1080x943.webp 1080w, https:\/\/enviosmarguz.com\/wp-content\/uploads\/2023\/11\/logofondooscuro-93x81.webp 93w, https:\/\/enviosmarguz.com\/wp-content\/uploads\/2023\/11\/logofondooscuro.webp 2006w\" sizes=\"auto, (max-width: 1024px) 100vw, 1024px\" \/><\/figure>\n<\/div>\n\n\n\n<div class=\"wp-block-column is-layout-constrained wp-block-column-is-layout-constrained\">\n<div class=\"wp-block-buttons alignfull is-content-justification-center is-layout-flex wp-container-core-buttons-is-layout-098cc607 wp-block-buttons-is-layout-flex\">\n<div class=\"wp-block-button\"><a class=\"wp-block-button__link has-text-align-center wp-element-button\" href=\"https:\/\/enviosmarguz.com\">Volver a la P\u00e1gina<\/a><\/div>\n<\/div>\n<\/div>\n<\/div>\n<\/div><\/div>\n\n\n\n<p><\/p>\n\n\n\n<div class=\"wp-block-group is-layout-constrained wp-block-group-is-layout-constrained\">\n<h2 class=\"wp-block-heading\">Aviso de Privacidad<\/h2>\n\n\n\n<p>RED DE SERVICIOS MARGUZ SA DE CV (nombre comercial: MARGUZ\u00ae) con domicilio en Calle 68 n\u00fam. 535 col centro cp. 97000 M\u00e9rida, Yucat\u00e1n, es el responsable del uso y protecci\u00f3n de sus datos personales, y al respecto le informamos lo siguiente:<\/p>\n\n\n\n<div class=\"wp-block-group is-layout-constrained wp-block-group-is-layout-constrained\">\n<h2 class=\"wp-block-heading\">Departamento de Privacidad<\/h2>\n\n\n\n<p>Para atender cualquier solicitud acerca del ejercicio de sus derechos ARCO, para la revocaci\u00f3n del consentimiento que nos haya otorgado del tratamiento de sus datos personales, para limitar el uso o divulgaci\u00f3n de sus datos, o acerca de las finalidades para el tratamiento de sus datos personales, ponemos a su disposici\u00f3n nuestro Departamento de Privacidad en los siguientes medios de contacto:<strong><\/strong><\/p>\n\n\n\n<div class=\"wp-block-group is-layout-constrained wp-block-group-is-layout-constrained\">\n<h3 class=\"wp-block-heading\">Departamento de Privacidad<\/h3>\n\n\n\n<p><strong>Correo electr\u00f3nico:<\/strong>&nbsp;contacto@enviosmarguz.com<br><strong>Tel\u00e9fono:&nbsp;<\/strong>+52 55 6349 2598<\/p>\n\n\n\n<p>Para poder comunicarnos con usted, necesitamos los siguientes datos personales y de contacto en su solicitud:<\/p>\n\n\n\n<ul class=\"wp-block-list\">\n<li>Nombre del titular<\/li>\n\n\n\n<li>Carta de autorizaci\u00f3n en caso de que la solicitud la haga otra persona que no sea el titular<\/li>\n\n\n\n<li>Copia de identificaci\u00f3n del titular<\/li>\n\n\n\n<li>Correo electr\u00f3nico<\/li>\n\n\n\n<li>Tel\u00e9fono<\/li>\n<\/ul>\n\n\n\n<p>Despu\u00e9s de recibir su solicitud, recibir\u00e1 nuestra respuesta en un plazo m\u00e1ximo de veinte d\u00edas h\u00e1biles por los medios de contacto que nos proporcione.<br>\u00bfPara qu\u00e9 fines utilizaremos sus datos personales?<br><\/p>\n\n\n\n<p>Los datos personales que recabamos de usted, los utilizaremos para las siguientes finalidades que son necesarias para el servicio que solicita:<\/p>\n\n\n\n<ul class=\"wp-block-list\">\n<li>Para fines de contacto<\/li>\n\n\n\n<li>Para permitir el registro en el sitio<\/li>\n\n\n\n<li>Para acceder al contenido del sitio<\/li>\n\n\n\n<li>Para facturaci\u00f3n y cobro<\/li>\n\n\n\n<li>Para env\u00edo y entrega de productos<\/li>\n<\/ul>\n\n\n\n<p>De manera adicional, utilizaremos su informaci\u00f3n personal para las siguientes finalidades secundarias que no son necesarias para el servicio solicitado, pero que nos permiten y facilitan brindarle mejor atenci\u00f3n:<\/p>\n\n\n\n<ul class=\"wp-block-list\">\n<li>Para env\u00edo de publicidad<\/li>\n<\/ul>\n<\/div>\n<\/div>\n\n\n\n<p>En caso de que no desee que sus datos personales sean tratados para estos fines adicionales, lo podr\u00e1 indicar en el medio a trav\u00e9s del cual nos proporcione sus datos personales, seleccionando la opci\u00f3n correspondiente.<br><br>La negativa para el uso de sus datos personales para estas finalidades adicionales no podr\u00e1 ser un motivo para que le neguemos los servicios y productos que solicita o contrata con nosotros.<br><br><\/p>\n\n\n\n<h4 class=\"wp-block-heading\">\u00bfQu\u00e9 datos personales utilizaremos para estos fines?<\/h4>\n\n\n\n<p>Para llevar a cabo las finalidades descritas en el presente Aviso de Privacidad, utilizaremos los siguientes datos personales:<\/p>\n\n\n\n<ul class=\"wp-block-list\">\n<li>Datos de contacto<\/li>\n\n\n\n<li>Datos de identificaci\u00f3n<\/li>\n\n\n\n<li>Datos de facturaci\u00f3n<\/li>\n\n\n\n<li>Datos laborales<\/li>\n\n\n\n<li>Datos acad\u00e9micos<\/li>\n<\/ul>\n\n\n\n<h4 class=\"wp-block-heading\">\u00bfC\u00f3mo puede Acceder, Rectificar o Cancelar sus datos personales, u Oponerse a su uso?<\/h4>\n\n\n\n<p>Usted tiene derecho a conocer qu\u00e9 datos personales tenemos de usted, para qu\u00e9 los utilizamos y las condiciones del uso que les damos (Acceso). Asimismo, es su derecho solicitar la correcci\u00f3n de su informaci\u00f3n personal en caso de que est\u00e9 desactualizada, sea inexacta o incompleta (Rectificaci\u00f3n); que la eliminemos de nuestros registros o bases de datos cuando considere que la misma no est\u00e1 siendo utilizada conforme a los principios, deberes y obligaciones previstas en la normativa (Cancelaci\u00f3n); as\u00ed como oponerse al uso de sus datos personales para fines espec\u00edficos (Oposici\u00f3n). Estos derechos se conocen como derechos ARCO.<\/p>\n\n\n\n<p>Si usted desea ejercer sus derechos ARCO, lo podr\u00e1 hacer contact\u00e1ndose con nuestro Departamento de Privacidad en los medios establecidos en el presente aviso.<\/p>\n\n\n\n<h4 class=\"wp-block-heading\">\u00bfC\u00f3mo puede revocar su consentimiento para el uso de sus datos personales?<\/h4>\n\n\n\n<p>Usted puede revocar el consentimiento que, en su caso, nos haya otorgado para el tratamiento de sus datos personales. Sin embargo, es importante que tenga en cuenta que no en todos los casos podremos atender su solicitud o concluir el uso de forma inmediata, ya que es posible que por alguna obligaci\u00f3n legal requiramos seguir tratando sus datos personales.<\/p>\n\n\n\n<p>Asimismo, usted deber\u00e1 considerar qu\u00e9 para ciertos fines, la revocaci\u00f3n de su consentimiento implicar\u00e1 que no le podamos seguir prestando el servicio que nos solicit\u00f3, o la conclusi\u00f3n de su relaci\u00f3n con nosotros.<\/p>\n\n\n\n<p>Para conocer el procedimiento y requisitos para la revocaci\u00f3n de su consentimiento, usted podr\u00e1 ponerse en contacto con nuestro Departamento de Privacidad a trav\u00e9s de los medios especificados en el presente aviso.<\/p>\n\n\n\n<h4 class=\"wp-block-heading\">\u00bfC\u00f3mo puede limitar el uso o divulgaci\u00f3n de su informaci\u00f3n personal?<br><\/h4>\n\n\n\n<p>Si usted desea limitar el uso o divulgaci\u00f3n de su informaci\u00f3n personal podr\u00e1 solicitarlo a nuestro Departamento de Privacidad a trav\u00e9s de los medios especificados en el presente aviso.<\/p>\n\n\n\n<p>Adicionalmente, podemos poner a su disposici\u00f3n procedimientos y mecanismos espec\u00edficos mediante los cuales puede limitar el uso de su informaci\u00f3n personal. Estos procedimientos y mecanismos espec\u00edficos se informar\u00e1n a trav\u00e9s de los medios que utilicemos para comunicarnos con usted u otros que consideremos adecuados.<\/p>\n\n\n\n<h4 class=\"wp-block-heading\">Uso de Cookies y tecnolog\u00edas de rastreo<\/h4>\n\n\n\n<p>Las cookies son pedazos de informaci\u00f3n en forma de peque\u00f1os archivos que se localizan en su disco duro y son generados por nuestro sitio web. Estos archivos hacen que la interacci\u00f3n con nuestro sitio sea m\u00e1s r\u00e1pida y f\u00e1cil, recordando preferencias, datos de comportamiento o datos de registro en nuestro sitio. La informaci\u00f3n que contienen puede ser utilizada cuando usted visita nuestro sitio y sitios externos.<\/p>\n\n\n\n<p>Algunas p\u00e1ginas o correos nuestros pueden contener peque\u00f1as im\u00e1genes invisibles llamadas \u201cweb beacons\u201d o \u201cpixel tags\u201d. Los web beacons rastrean su comportamiento en una p\u00e1gina o correo de forma similar a las cookies.<\/p>\n\n\n\n<p>Le informamos que las cookies y otras tecnolog\u00edas de rastreo las utilizamos para las siguientes finalidades:<\/p>\n\n\n\n<ul class=\"wp-block-list\">\n<li>Para el correcto funcionamiento de la tienda en l\u00ednea, guardar los art\u00edculos que ha agregado al carrito de compras y permitir el pago de los mismos<\/li>\n\n\n\n<li>Para el registro y an\u00e1lisis de comportamiento dentro de nuestro sitio con fines estad\u00edsticos y de calidad<\/li>\n<\/ul>\n\n\n\n<p>Adem\u00e1s, podemos utilizar la informaci\u00f3n para fines publicitarios y de remarketing. El remarketing es un m\u00e9todo que muestra nuestros anuncios en sitios ajenos a \u00e9ste en funci\u00f3n de visitas pasadas a nuestro sitio. Los anuncios se pueden mostrar en forma de banners o publicaciones sugeridas.<\/p>\n\n\n\n<p>Puede solicitar la inhabilitaci\u00f3n del uso de cookies para publicidad, mediante la p\u00e1gina de Network Advertising Initiative (ingl\u00e9s):<\/p>\n\n\n\n<p><a href=\"https:\/\/haztuenvio.mx\/www.networkadvertising.org\/choices\/\">www.networkadvertising.org\/choices\/<\/a><\/p>\n\n\n\n<p>Para inhabilitar los anuncios de Google:<\/p>\n\n\n\n<p><a href=\"https:\/\/haztuenvio.mx\/www.google.com\/settings\/ads\/?hl=es\">www.google.com\/settings\/ads\/?hl=es<\/a><\/p>\n\n\n\n<p>Igualmente puede consultar las pol\u00edticas de privacidad de las compa\u00f1\u00edas que utilizamos para fines publicitarios y de remarketing:<\/p>\n\n\n\n<ul class=\"wp-block-list\">\n<li>Google:&nbsp;<a href=\"https:\/\/www.google.com\/intl\/es_mx\/policies\/privacy\/\" target=\"_blank\" rel=\"noreferrer noopener\">www.google.com\/intl\/es_mx\/policies\/privacy\/<\/a><\/li>\n\n\n\n<li><a href=\"https:\/\/www.google.com\/intl\/es_mx\/policies\/privacy\/\" target=\"_blank\" rel=\"noreferrer noopener\">Microsoft Bing:&nbsp;<\/a><a href=\"https:\/\/privacy.microsoft.com\/es-mx\/privacystatement\/\" target=\"_blank\" rel=\"noreferrer noopener\">privacy.microsoft.com\/es-mx\/privacystatement\/<\/a><\/li>\n\n\n\n<li>Facebook:&nbsp;<a href=\"https:\/\/facebook.com\/policies\/cookies\/\" target=\"_blank\" rel=\"noreferrer noopener\">www.facebook.com\/policies\/cookies\/<\/a><\/li>\n\n\n\n<li>Twitter:&nbsp;<a href=\"https:\/\/twitter.com\/privacy?lang=es\" target=\"_blank\" rel=\"noreferrer noopener\">twitter.com\/privacy?lang=es<\/a><\/li>\n<\/ul>\n\n\n\n<p>Si usted prefiere deshabilitar las cookies completamente, lo puede hacer en la mayor\u00eda de los exploradores de internet. Tenga en cuenta que este sitio puede dejar de funcionar correctamente al hacerlo. En las versiones m\u00e1s recientes de los exploradores Mozilla Firefox, Internet Explorer y Google Chrome, la opci\u00f3n para deshabilitar las cookies se encuentra en la secci\u00f3n de \u201cPrivacidad\u201d en las opciones de configuraci\u00f3n de cada explorador.<\/p>\n\n\n\n<h4 class=\"wp-block-heading\">\u00bfC\u00f3mo puede conocer los cambios a este Aviso de Privacidad?<\/h4>\n\n\n\n<p>El presente Aviso de Privacidad puede sufrir modificaciones, cambios o actualizaciones derivadas de nuevos requerimientos legales; de nuestras propias necesidades por los productos o servicios que ofrecemos; de nuestras pr\u00e1cticas de privacidad; de cambios en nuestro modelo de negocio, o por otras causas.<\/p>\n\n\n\n<p>Los cambios al Aviso de Privacidad se informar\u00e1n a trav\u00e9s de nuestro sitio web en la siguiente direcci\u00f3n: <a href=\"https:\/\/enviosmarguz.com\">https:\/\/enviosmarguz.com<\/a><\/p>\n<\/div>\n\n\n\n<p><\/p>\n\n\n\n<script>\n    document.getElementsByTagName(\"header\")[0].remove()\n<\/script>\n","protected":false},"excerpt":{"rendered":"<p>Aviso de Privacidad RED DE SERVICIOS MARGUZ SA DE CV (nombre comercial: MARGUZ\u00ae) con domicilio en Calle 68 n\u00fam. 535 col centro cp. 97000 M\u00e9rida, Yucat\u00e1n, es el responsable del uso y protecci\u00f3n de sus datos personales, y al respecto le informamos lo siguiente: Departamento de Privacidad Para atender cualquier solicitud acerca del ejercicio de &hellip;<\/p>\n<p class=\"read-more\"> <a class=\"\" href=\"https:\/\/enviosmarguz.com\/index.php\/politicas-de-privacidad\/\"> <span class=\"screen-reader-text\">AVISO DE PRIVACIDAD<\/span> Leer m\u00e1s &raquo;<\/a><\/p>\n","protected":false},"author":1,"featured_media":0,"parent":0,"menu_order":0,"comment_status":"closed","ping_status":"closed","template":"","meta":{"_et_pb_use_builder":"off","_et_pb_old_content":"","_et_gb_content_width":"","_uag_custom_page_level_css":"","site-sidebar-layout":"default","site-content-layout":"","ast-site-content-layout":"","site-content-style":"default","site-sidebar-style":"default","ast-global-header-display":"","ast-banner-title-visibility":"","ast-main-header-display":"","ast-hfb-above-header-display":"","ast-hfb-below-header-display":"","ast-hfb-mobile-header-display":"","site-post-title":"disabled","ast-breadcrumbs-content":"","ast-featured-img":"","footer-sml-layout":"","theme-transparent-header-meta":"","adv-header-id-meta":"","stick-header-meta":"","header-above-stick-meta":"","header-main-stick-meta":"","header-below-stick-meta":"","astra-migrate-meta-layouts":"","footnotes":""},"class_list":["post-1169","page","type-page","status-publish","hentry"],"yoast_head":"<!-- This site is optimized with the Yoast SEO plugin v21.6 - https:\/\/yoast.com\/wordpress\/plugins\/seo\/ -->\n<title>AVISO DE PRIVACIDAD - MARGUZ<\/title>\n<meta name=\"robots\" content=\"index, follow, max-snippet:-1, max-image-preview:large, max-video-preview:-1\" \/>\n<link rel=\"canonical\" href=\"https:\/\/enviosmarguz.com\/index.php\/politicas-de-privacidad\/\" \/>\n<meta property=\"og:locale\" content=\"es_MX\" \/>\n<meta property=\"og:type\" content=\"article\" \/>\n<meta property=\"og:title\" content=\"AVISO DE PRIVACIDAD - MARGUZ\" \/>\n<meta property=\"og:description\" content=\"Aviso de Privacidad RED DE SERVICIOS MARGUZ SA DE CV (nombre comercial: MARGUZ\u00ae) con domicilio en Calle 68 n\u00fam. 535 col centro cp. 97000 M\u00e9rida, Yucat\u00e1n, es el responsable del uso y protecci\u00f3n de sus datos personales, y al respecto le informamos lo siguiente: Departamento de Privacidad Para atender cualquier solicitud acerca del ejercicio de &hellip; AVISO DE PRIVACIDAD Leer m\u00e1s &raquo;\" \/>\n<meta property=\"og:url\" content=\"https:\/\/enviosmarguz.com\/index.php\/politicas-de-privacidad\/\" \/>\n<meta property=\"og:site_name\" content=\"MARGUZ\" \/>\n<meta property=\"article:publisher\" content=\"https:\/\/www.facebook.com\/enviosmarguz\" \/>\n<meta property=\"article:modified_time\" content=\"2024-04-11T23:25:11+00:00\" \/>\n<meta property=\"og:image\" content=\"https:\/\/enviosmarguz.com\/wp-content\/uploads\/2023\/11\/logofondooscuro-1024x894.webp\" \/>\n<meta name=\"twitter:card\" content=\"summary_large_image\" \/>\n<meta name=\"twitter:label1\" content=\"Tiempo de lectura\" \/>\n\t<meta name=\"twitter:data1\" content=\"6 minutos\" \/>\n<script type=\"application\/ld+json\" class=\"yoast-schema-graph\">{\"@context\":\"https:\/\/schema.org\",\"@graph\":[{\"@type\":\"WebPage\",\"@id\":\"https:\/\/enviosmarguz.com\/index.php\/politicas-de-privacidad\/\",\"url\":\"https:\/\/enviosmarguz.com\/index.php\/politicas-de-privacidad\/\",\"name\":\"AVISO DE PRIVACIDAD - MARGUZ\",\"isPartOf\":{\"@id\":\"https:\/\/enviosmarguz.com\/#website\"},\"datePublished\":\"2024-04-11T21:11:20+00:00\",\"dateModified\":\"2024-04-11T23:25:11+00:00\",\"breadcrumb\":{\"@id\":\"https:\/\/enviosmarguz.com\/index.php\/politicas-de-privacidad\/#breadcrumb\"},\"inLanguage\":\"es\",\"potentialAction\":[{\"@type\":\"ReadAction\",\"target\":[\"https:\/\/enviosmarguz.com\/index.php\/politicas-de-privacidad\/\"]}]},{\"@type\":\"BreadcrumbList\",\"@id\":\"https:\/\/enviosmarguz.com\/index.php\/politicas-de-privacidad\/#breadcrumb\",\"itemListElement\":[{\"@type\":\"ListItem\",\"position\":1,\"name\":\"Inicio\",\"item\":\"https:\/\/enviosmarguz.com\/\"},{\"@type\":\"ListItem\",\"position\":2,\"name\":\"AVISO DE PRIVACIDAD\"}]},{\"@type\":\"WebSite\",\"@id\":\"https:\/\/enviosmarguz.com\/#website\",\"url\":\"https:\/\/enviosmarguz.com\/\",\"name\":\"MARGUZ\",\"description\":\"\",\"publisher\":{\"@id\":\"https:\/\/enviosmarguz.com\/#organization\"},\"potentialAction\":[{\"@type\":\"SearchAction\",\"target\":{\"@type\":\"EntryPoint\",\"urlTemplate\":\"https:\/\/enviosmarguz.com\/?s={search_term_string}\"},\"query-input\":\"required name=search_term_string\"}],\"inLanguage\":\"es\"},{\"@type\":\"Organization\",\"@id\":\"https:\/\/enviosmarguz.com\/#organization\",\"name\":\"MARGUZ\",\"url\":\"https:\/\/enviosmarguz.com\/\",\"logo\":{\"@type\":\"ImageObject\",\"inLanguage\":\"es\",\"@id\":\"https:\/\/enviosmarguz.com\/#\/schema\/logo\/image\/\",\"url\":\"https:\/\/enviosmarguz.com\/wp-content\/uploads\/2023\/11\/logofondooscuro.webp\",\"contentUrl\":\"https:\/\/enviosmarguz.com\/wp-content\/uploads\/2023\/11\/logofondooscuro.webp\",\"width\":2006,\"height\":1751,\"caption\":\"MARGUZ\"},\"image\":{\"@id\":\"https:\/\/enviosmarguz.com\/#\/schema\/logo\/image\/\"},\"sameAs\":[\"https:\/\/www.facebook.com\/enviosmarguz\"]}]}<\/script>\n<!-- \/ Yoast SEO plugin. -->","yoast_head_json":{"title":"AVISO DE PRIVACIDAD - MARGUZ","robots":{"index":"index","follow":"follow","max-snippet":"max-snippet:-1","max-image-preview":"max-image-preview:large","max-video-preview":"max-video-preview:-1"},"canonical":"https:\/\/enviosmarguz.com\/index.php\/politicas-de-privacidad\/","og_locale":"es_MX","og_type":"article","og_title":"AVISO DE PRIVACIDAD - MARGUZ","og_description":"Aviso de Privacidad RED DE SERVICIOS MARGUZ SA DE CV (nombre comercial: MARGUZ\u00ae) con domicilio en Calle 68 n\u00fam. 535 col centro cp. 97000 M\u00e9rida, Yucat\u00e1n, es el responsable del uso y protecci\u00f3n de sus datos personales, y al respecto le informamos lo siguiente: Departamento de Privacidad Para atender cualquier solicitud acerca del ejercicio de &hellip; AVISO DE PRIVACIDAD Leer m\u00e1s &raquo;","og_url":"https:\/\/enviosmarguz.com\/index.php\/politicas-de-privacidad\/","og_site_name":"MARGUZ","article_publisher":"https:\/\/www.facebook.com\/enviosmarguz","article_modified_time":"2024-04-11T23:25:11+00:00","og_image":[{"url":"https:\/\/enviosmarguz.com\/wp-content\/uploads\/2023\/11\/logofondooscuro-1024x894.webp"}],"twitter_card":"summary_large_image","twitter_misc":{"Tiempo de lectura":"6 minutos"},"schema":{"@context":"https:\/\/schema.org","@graph":[{"@type":"WebPage","@id":"https:\/\/enviosmarguz.com\/index.php\/politicas-de-privacidad\/","url":"https:\/\/enviosmarguz.com\/index.php\/politicas-de-privacidad\/","name":"AVISO DE PRIVACIDAD - MARGUZ","isPartOf":{"@id":"https:\/\/enviosmarguz.com\/#website"},"datePublished":"2024-04-11T21:11:20+00:00","dateModified":"2024-04-11T23:25:11+00:00","breadcrumb":{"@id":"https:\/\/enviosmarguz.com\/index.php\/politicas-de-privacidad\/#breadcrumb"},"inLanguage":"es","potentialAction":[{"@type":"ReadAction","target":["https:\/\/enviosmarguz.com\/index.php\/politicas-de-privacidad\/"]}]},{"@type":"BreadcrumbList","@id":"https:\/\/enviosmarguz.com\/index.php\/politicas-de-privacidad\/#breadcrumb","itemListElement":[{"@type":"ListItem","position":1,"name":"Inicio","item":"https:\/\/enviosmarguz.com\/"},{"@type":"ListItem","position":2,"name":"AVISO DE PRIVACIDAD"}]},{"@type":"WebSite","@id":"https:\/\/enviosmarguz.com\/#website","url":"https:\/\/enviosmarguz.com\/","name":"MARGUZ","description":"","publisher":{"@id":"https:\/\/enviosmarguz.com\/#organization"},"potentialAction":[{"@type":"SearchAction","target":{"@type":"EntryPoint","urlTemplate":"https:\/\/enviosmarguz.com\/?s={search_term_string}"},"query-input":"required name=search_term_string"}],"inLanguage":"es"},{"@type":"Organization","@id":"https:\/\/enviosmarguz.com\/#organization","name":"MARGUZ","url":"https:\/\/enviosmarguz.com\/","logo":{"@type":"ImageObject","inLanguage":"es","@id":"https:\/\/enviosmarguz.com\/#\/schema\/logo\/image\/","url":"https:\/\/enviosmarguz.com\/wp-content\/uploads\/2023\/11\/logofondooscuro.webp","contentUrl":"https:\/\/enviosmarguz.com\/wp-content\/uploads\/2023\/11\/logofondooscuro.webp","width":2006,"height":1751,"caption":"MARGUZ"},"image":{"@id":"https:\/\/enviosmarguz.com\/#\/schema\/logo\/image\/"},"sameAs":["https:\/\/www.facebook.com\/enviosmarguz"]}]}},"uagb_featured_image_src":{"full":false,"thumbnail":false,"medium":false,"medium_large":false,"large":false,"1536x1536":false,"2048x2048":false,"et-pb-post-main-image":false,"et-pb-post-main-image-fullwidth":false,"et-pb-portfolio-image":false,"et-pb-portfolio-module-image":false,"et-pb-portfolio-image-single":false,"et-pb-gallery-module-image-portrait":false},"uagb_author_info":{"display_name":"incpulse","author_link":"https:\/\/enviosmarguz.com\/index.php\/author\/incpulse\/"},"uagb_comment_info":0,"uagb_excerpt":"Aviso de Privacidad RED DE SERVICIOS MARGUZ SA DE CV (nombre comercial: MARGUZ\u00ae) con domicilio en Calle 68 n\u00fam. 535 col centro cp. 97000 M\u00e9rida, Yucat\u00e1n, es el responsable del uso y protecci\u00f3n de sus datos personales, y al respecto le informamos lo siguiente: Departamento de Privacidad Para atender cualquier solicitud acerca del ejercicio de&hellip;","_links":{"self":[{"href":"https:\/\/enviosmarguz.com\/index.php\/wp-json\/wp\/v2\/pages\/1169","targetHints":{"allow":["GET"]}}],"collection":[{"href":"https:\/\/enviosmarguz.com\/index.php\/wp-json\/wp\/v2\/pages"}],"about":[{"href":"https:\/\/enviosmarguz.com\/index.php\/wp-json\/wp\/v2\/types\/page"}],"author":[{"embeddable":true,"href":"https:\/\/enviosmarguz.com\/index.php\/wp-json\/wp\/v2\/users\/1"}],"replies":[{"embeddable":true,"href":"https:\/\/enviosmarguz.com\/index.php\/wp-json\/wp\/v2\/comments?post=1169"}],"version-history":[{"count":22,"href":"https:\/\/enviosmarguz.com\/index.php\/wp-json\/wp\/v2\/pages\/1169\/revisions"}],"predecessor-version":[{"id":1201,"href":"https:\/\/enviosmarguz.com\/index.php\/wp-json\/wp\/v2\/pages\/1169\/revisions\/1201"}],"wp:attachment":[{"href":"https:\/\/enviosmarguz.com\/index.php\/wp-json\/wp\/v2\/media?parent=1169"}],"curies":[{"name":"wp","href":"https:\/\/api.w.org\/{rel}","templated":true}]}}